{"id":120,"date":"2017-03-11T21:21:43","date_gmt":"2017-03-11T20:21:43","guid":{"rendered":"http:\/\/arztpraxisigel.de\/igel\/?page_id=120"},"modified":"2017-11-21T14:36:07","modified_gmt":"2017-11-21T13:36:07","slug":"manuelle-therapie","status":"publish","type":"page","link":"https:\/\/arztpraxisigel.de\/igel\/therapien\/manuelle-therapie\/","title":{"rendered":"Manuelle Therapie"},"content":{"rendered":"<p><img decoding=\"async\" loading=\"lazy\" src=\"https:\/\/arztpraxisigel.de\/wp-content\/uploads\/2017\/03\/manuelletherapie.png\" alt=\"\" width=\"625\" height=\"365\" class=\"alignleft size-full wp-image-169\" srcset=\"https:\/\/arztpraxisigel.de\/wp-content\/uploads\/2017\/03\/manuelletherapie.png 625w, https:\/\/arztpraxisigel.de\/wp-content\/uploads\/2017\/03\/manuelletherapie-300x175.png 300w, https:\/\/arztpraxisigel.de\/wp-content\/uploads\/2017\/03\/manuelletherapie-624x364.png 624w\" sizes=\"(max-width: 625px) 100vw, 625px\" \/><\/p>\n<p class=\"ad\">\n<b>Manuelle<br \/>\nTherapie<\/b><br \/>\n&nbsp;<br \/>\ngezielte Handgrifftechniken<br \/>\nzur Behandlung<br \/>\ngest\u00f6rter Gelenk-<br \/>\nund<br \/>\nMuskelfunktion<\/p>\n<h2>\n&nbsp;<br \/>\n&nbsp;<br \/>\nManuelle Therapie<br \/>\n<\/h2>\n<p>Manuelle Medizin ist eine Reflex- und Regulationstherapie, die zur Behandlung von Schmerzzust\u00e4nden jeglicher Art eingesetzt werden kann. Jeder lokale Schmerzreiz l\u00f6st zun\u00e4chst eine entsprechende Reaktion am K\u00f6rper aus. Gibt es z.B. eine Verh\u00e4rtung eines bestimmten Muskels und Blockierungen der dazugeh\u00f6rigen Gelenke, erfasst der Manualtherapeut diese Ver\u00e4nderungen und bewertet die Lage und Schwere der Sch\u00e4digung.<\/p>\n<p>&nbsp;<\/p>\n<p>Vor jeder Therapie steht die Diagnostik. Dabei ist es wichtig, Funktionsst\u00f6rungen von strukturellen Sch\u00e4digungen abzugrenzen. Unter Strukturst\u00f6rungen versteht man direkte Sch\u00e4digungen der Organe, z.B. Entz\u00fcndungen, Bandscheibenvorf\u00e4lle, Herzerkrankungen u.v.m. Dem gegen\u00fcber stehen die Funktionsst\u00f6rungen, wie z.B. Muskeldysbalancen, Blockierungen der Wirbels\u00e4ule und der peripheren Gelenke. Diese werden h\u00e4ufig durch Fehl- oder \u00dcberlastung, Haltungsfehler, aber auch ungesunde Lebensweise verursacht. Funktionsst\u00f6rungen sind die h\u00e4ufigste Ursache von Schmerzen.<\/p>\n<p>&nbsp;<\/p>\n<p>Jede anhaltende Funktionsst\u00f6rung kann im Verlauf Strukturst\u00f6rungen nach sich ziehen, weswegen die Beseitigung der Funktionsst\u00f6rungen an erster Stelle in einem Schmerztherapiekonzept stehen muss. Die Manuelle Medizin befasst sich mit der Diagnostik und Behandlung von Funktionsst\u00f6rungen. Durch spezielle Handgriffe werden Blockierungen gel\u00f6st und Muskelgruppen wieder in ihrer normalen Funktion trainiert. Der Patient erh\u00e4lt auch ein Trainingsprogramm mit nach Hause, um erneute Funktionsst\u00f6rungen selbst beseitigen zu k\u00f6nnen. Sehr eng verwandt mit der Manuellen Medizin ist die Osteopathie.<\/p>\n","protected":false},"excerpt":{"rendered":"<p>Manuelle Therapie &nbsp; gezielte Handgrifftechniken zur Behandlung gest\u00f6rter Gelenk- und Muskelfunktion &nbsp; &nbsp; Manuelle Therapie Manuelle Medizin ist eine Reflex- und Regulationstherapie, die zur Behandlung von Schmerzzust\u00e4nden jeglicher Art eingesetzt werden kann. Jeder lokale Schmerzreiz l\u00f6st zun\u00e4chst eine entsprechende Reaktion am K\u00f6rper aus. Gibt es z.B. eine Verh\u00e4rtung eines bestimmten Muskels und Blockierungen der dazugeh\u00f6rigen [&hellip;]<\/p>\n","protected":false},"author":1,"featured_media":0,"parent":20,"menu_order":5,"comment_status":"closed","ping_status":"closed","template":"","meta":[],"_links":{"self":[{"href":"https:\/\/arztpraxisigel.de\/igel\/wp-json\/wp\/v2\/pages\/120"}],"collection":[{"href":"https:\/\/arztpraxisigel.de\/igel\/wp-json\/wp\/v2\/pages"}],"about":[{"href":"https:\/\/arztpraxisigel.de\/igel\/wp-json\/wp\/v2\/types\/page"}],"author":[{"embeddable":true,"href":"https:\/\/arztpraxisigel.de\/igel\/wp-json\/wp\/v2\/users\/1"}],"replies":[{"embeddable":true,"href":"https:\/\/arztpraxisigel.de\/igel\/wp-json\/wp\/v2\/comments?post=120"}],"version-history":[{"count":22,"href":"https:\/\/arztpraxisigel.de\/igel\/wp-json\/wp\/v2\/pages\/120\/revisions"}],"predecessor-version":[{"id":572,"href":"https:\/\/arztpraxisigel.de\/igel\/wp-json\/wp\/v2\/pages\/120\/revisions\/572"}],"up":[{"embeddable":true,"href":"https:\/\/arztpraxisigel.de\/igel\/wp-json\/wp\/v2\/pages\/20"}],"wp:attachment":[{"href":"https:\/\/arztpraxisigel.de\/igel\/wp-json\/wp\/v2\/media?parent=120"}],"curies":[{"name":"wp","href":"https:\/\/api.w.org\/{rel}","templated":true}]}}