{"id":196,"date":"2024-01-22T14:21:48","date_gmt":"2024-01-22T13:21:48","guid":{"rendered":"http:\/\/arztpraxisigel.de\/igel\/?page_id=196"},"modified":"2024-05-15T19:14:25","modified_gmt":"2024-05-15T17:14:25","slug":"martina-igel","status":"publish","type":"page","link":"https:\/\/arztpraxisigel.de\/igel\/unser-team\/martina-igel\/","title":{"rendered":"Martina Igel"},"content":{"rendered":"<p><img decoding=\"async\" loading=\"lazy\" src=\"https:\/\/arztpraxisigel.de\/wp-content\/uploads\/2024\/01\/martina-2024.jpg\" alt=\"\" width=\"961\" height=\"451\" class=\"alignleft size-full wp-image-223\" \/><\/p>\n<h2>\n&nbsp;<br \/>\n&nbsp;<br \/>\nMartina Igel<\/h2>\n<p>Fach\u00e4rztin f\u00fcr Physikalische und Rehabilitative Medizin<br \/>\n&nbsp;<br \/>\n&nbsp;<br \/>\n&#8211; von 1986 bis 1992 Medizinstudium an der Charit\u00e9 Berlin<br \/>\n&#8211; Facharztausbildung in Sommerfeld (Klinik f\u00fcr Manuelle Therapie und Schmerztherapie)<br \/>\n&#8211; Weiterbildung in den F\u00e4chern Innere Medizin und Orthop\u00e4die<br \/>\n&#8211; Januar 2000 Facharztpr\u00fcfung<br \/>\n&#8211; ab Januar 2001 niedergelassen in der Praxisgemeinschaft Am Prater mit P. Sch\u00f6ne und Dr. J. Grambauer<br \/>\n&#8211; seit September 2003 Einzelpraxis mit Schwerpunkt Schmerztherapie in der Senefelder Str. im Prenzlauer Berg<br \/>\n&#8211; Therapieschwerpunkte sind Osteopathie\/Manuelle Medizin, Akupunktur, Neuraltherapie und medikament\u00f6se Schmerztherapie<br \/>\n&nbsp;<br \/>\nSprachen: mein englisch ist etwas holperig, aber es reicht allemal<br \/>\n&nbsp;<br \/>\n&nbsp;<br \/>\n&nbsp;<br \/>\n&nbsp;<br \/>\n&nbsp;<br \/>\n&nbsp;<br \/>\n&nbsp;<\/p>\n","protected":false},"excerpt":{"rendered":"<p>&nbsp; &nbsp; Martina Igel Fach\u00e4rztin f\u00fcr Physikalische und Rehabilitative Medizin &nbsp; &nbsp; &#8211; von 1986 bis 1992 Medizinstudium an der Charit\u00e9 Berlin &#8211; Facharztausbildung in Sommerfeld (Klinik f\u00fcr Manuelle Therapie und Schmerztherapie) &#8211; Weiterbildung in den F\u00e4chern Innere Medizin und Orthop\u00e4die &#8211; Januar 2000 Facharztpr\u00fcfung &#8211; ab Januar 2001 niedergelassen in der Praxisgemeinschaft Am Prater [&hellip;]<\/p>\n","protected":false},"author":1,"featured_media":0,"parent":16,"menu_order":13,"comment_status":"closed","ping_status":"closed","template":"","meta":[],"_links":{"self":[{"href":"https:\/\/arztpraxisigel.de\/igel\/wp-json\/wp\/v2\/pages\/196"}],"collection":[{"href":"https:\/\/arztpraxisigel.de\/igel\/wp-json\/wp\/v2\/pages"}],"about":[{"href":"https:\/\/arztpraxisigel.de\/igel\/wp-json\/wp\/v2\/types\/page"}],"author":[{"embeddable":true,"href":"https:\/\/arztpraxisigel.de\/igel\/wp-json\/wp\/v2\/users\/1"}],"replies":[{"embeddable":true,"href":"https:\/\/arztpraxisigel.de\/igel\/wp-json\/wp\/v2\/comments?post=196"}],"version-history":[{"count":20,"href":"https:\/\/arztpraxisigel.de\/igel\/wp-json\/wp\/v2\/pages\/196\/revisions"}],"predecessor-version":[{"id":992,"href":"https:\/\/arztpraxisigel.de\/igel\/wp-json\/wp\/v2\/pages\/196\/revisions\/992"}],"up":[{"embeddable":true,"href":"https:\/\/arztpraxisigel.de\/igel\/wp-json\/wp\/v2\/pages\/16"}],"wp:attachment":[{"href":"https:\/\/arztpraxisigel.de\/igel\/wp-json\/wp\/v2\/media?parent=196"}],"curies":[{"name":"wp","href":"https:\/\/api.w.org\/{rel}","templated":true}]}}

<p><img decoding="async" loading="lazy" src="https://arztpraxisigel.de/wp-content/uploads/2024/01/martina-2024.jpg" alt="" width="961" height="451" class="alignleft size-full wp-image-223" /></p>
<h2>
&nbsp;<br />
&nbsp;<br />
Martina Igel</h2>
<p>Fachärztin für Physikalische und Rehabilitative Medizin<br />
&nbsp;<br />
&nbsp;<br />
&#8211; von 1986 bis 1992 Medizinstudium an der Charité Berlin<br />
&#8211; Facharztausbildung in Sommerfeld (Klinik für Manuelle Therapie und Schmerztherapie)<br />
&#8211; Weiterbildung in den Fächern Innere Medizin und Orthopädie<br />
&#8211; Januar 2000 Facharztprüfung<br />
&#8211; ab Januar 2001 niedergelassen in der Praxisgemeinschaft Am Prater mit P. Schöne und Dr. J. Grambauer<br />
&#8211; seit September 2003 Einzelpraxis mit Schwerpunkt Schmerztherapie in der Senefelder Str. im Prenzlauer Berg<br />
&#8211; Therapieschwerpunkte sind Osteopathie/Manuelle Medizin, Akupunktur, Neuraltherapie und medikamentöse Schmerztherapie<br />
&nbsp;<br />
Sprachen: mein englisch ist etwas holperig, aber es reicht allemal<br />
&nbsp;<br />
&nbsp;<br />
&nbsp;<br />
&nbsp;<br />
&nbsp;<br />
&nbsp;<br />
&nbsp;</p>

<p>&nbsp; &nbsp; Martina Igel Fachärztin für Physikalische und Rehabilitative Medizin &nbsp; &nbsp; &#8211; von 1986 bis 1992 Medizinstudium an der Charité Berlin &#8211; Facharztausbildung in Sommerfeld (Klinik für Manuelle Therapie und Schmerztherapie) &#8211; Weiterbildung in den Fächern Innere Medizin und Orthopädie &#8211; Januar 2000 Facharztprüfung &#8211; ab Januar 2001 niedergelassen in der Praxisgemeinschaft Am Prater [&hellip;]</p>
