{"id":20,"date":"2017-02-26T22:44:59","date_gmt":"2017-02-26T21:44:59","guid":{"rendered":"http:\/\/arztpraxisigel.de\/igel\/?page_id=20"},"modified":"2017-11-21T14:34:23","modified_gmt":"2017-11-21T13:34:23","slug":"therapien","status":"publish","type":"page","link":"https:\/\/arztpraxisigel.de\/igel\/therapien\/","title":{"rendered":"therapien"},"content":{"rendered":"<p><img decoding=\"async\" loading=\"lazy\" src=\"https:\/\/arztpraxisigel.de\/wp-content\/uploads\/2017\/02\/therapien_neu.jpg\" alt=\"\" width=\"961\" height=\"371\" class=\"alignleft size-full wp-image-452\" srcset=\"https:\/\/arztpraxisigel.de\/wp-content\/uploads\/2017\/02\/therapien_neu.jpg 961w, https:\/\/arztpraxisigel.de\/wp-content\/uploads\/2017\/02\/therapien_neu-300x116.jpg 300w, https:\/\/arztpraxisigel.de\/wp-content\/uploads\/2017\/02\/therapien_neu-768x296.jpg 768w, https:\/\/arztpraxisigel.de\/wp-content\/uploads\/2017\/02\/therapien_neu-624x241.jpg 624w\" sizes=\"(max-width: 961px) 100vw, 961px\" \/><\/p>\n<h2>\n&nbsp;<br \/>\n&nbsp;<br \/>\nTherapien in der Praxis &#8211; Liebe Patienten,<\/h2>\n<p>Ich biete in meiner Praxis ausgew\u00e4hlte Behandlungen an, die Bestandteil eines individuellen Schmerztherapieprogramms sein k\u00f6nnen. Dar\u00fcber hinaus werden dem Patienten wichtige Hinweise gegeben, wie er selbst dazu beitragen kann, seine wiedergewonnene Gesundheit und Leistungsf\u00e4higkeit zu erhalten.<\/p>\n<p>&nbsp;<\/p>\n<p>Viele physiotherapeutische Anwendungen lassen sich leicht zu Hause selbst durchf\u00fchren, z.B. aus dem Bereich der Wasserbehandlungen (Hydrotherapie) wie B\u00e4der und Wickel, W\u00e4rme- und K\u00e4lteanwendungen. Bewegungstherapie und Sport, Elektrotherapie oder spezielle Massagen k\u00f6nnen ebenfalls nach einer Einweisung selbst\u00e4ndig durchgef\u00fchrt werden (z.B. Triggerpunktbehandlungen, Colonmassagen u.v.m.).<\/p>\n","protected":false},"excerpt":{"rendered":"<p>&nbsp; &nbsp; Therapien in der Praxis &#8211; Liebe Patienten, Ich biete in meiner Praxis ausgew\u00e4hlte Behandlungen an, die Bestandteil eines individuellen Schmerztherapieprogramms sein k\u00f6nnen. Dar\u00fcber hinaus werden dem Patienten wichtige Hinweise gegeben, wie er selbst dazu beitragen kann, seine wiedergewonnene Gesundheit und Leistungsf\u00e4higkeit zu erhalten. &nbsp; Viele physiotherapeutische Anwendungen lassen sich leicht zu Hause selbst [&hellip;]<\/p>\n","protected":false},"author":1,"featured_media":0,"parent":0,"menu_order":2,"comment_status":"closed","ping_status":"closed","template":"","meta":[],"_links":{"self":[{"href":"https:\/\/arztpraxisigel.de\/igel\/wp-json\/wp\/v2\/pages\/20"}],"collection":[{"href":"https:\/\/arztpraxisigel.de\/igel\/wp-json\/wp\/v2\/pages"}],"about":[{"href":"https:\/\/arztpraxisigel.de\/igel\/wp-json\/wp\/v2\/types\/page"}],"author":[{"embeddable":true,"href":"https:\/\/arztpraxisigel.de\/igel\/wp-json\/wp\/v2\/users\/1"}],"replies":[{"embeddable":true,"href":"https:\/\/arztpraxisigel.de\/igel\/wp-json\/wp\/v2\/comments?post=20"}],"version-history":[{"count":12,"href":"https:\/\/arztpraxisigel.de\/igel\/wp-json\/wp\/v2\/pages\/20\/revisions"}],"predecessor-version":[{"id":569,"href":"https:\/\/arztpraxisigel.de\/igel\/wp-json\/wp\/v2\/pages\/20\/revisions\/569"}],"wp:attachment":[{"href":"https:\/\/arztpraxisigel.de\/igel\/wp-json\/wp\/v2\/media?parent=20"}],"curies":[{"name":"wp","href":"https:\/\/api.w.org\/{rel}","templated":true}]}}