{"id":26,"date":"2017-02-26T22:45:54","date_gmt":"2017-02-26T21:45:54","guid":{"rendered":"http:\/\/arztpraxisigel.de\/igel\/?page_id=26"},"modified":"2026-04-09T11:25:59","modified_gmt":"2026-04-09T09:25:59","slug":"home","status":"publish","type":"page","link":"https:\/\/arztpraxisigel.de\/igel\/","title":{"rendered":"unsere praxis"},"content":{"rendered":"<p><img decoding=\"async\" loading=\"lazy\" class=\"alignleft size-full wp-image-479\" src=\"https:\/\/arztpraxisigel.de\/wp-content\/uploads\/2017\/02\/8138_martina_neu03.jpg\" alt=\"\" width=\"625\" height=\"419\" srcset=\"https:\/\/arztpraxisigel.de\/wp-content\/uploads\/2017\/02\/8138_martina_neu03.jpg 625w, https:\/\/arztpraxisigel.de\/wp-content\/uploads\/2017\/02\/8138_martina_neu03-300x201.jpg 300w, https:\/\/arztpraxisigel.de\/wp-content\/uploads\/2017\/02\/8138_martina_neu03-624x418.jpg 624w\" sizes=\"(max-width: 625px) 100vw, 625px\" \/><\/p>\n<p class=\"ad\"><b>Fach\u00e4rztin f\u00fcr<\/b><br \/>\nPhysikalische und<br \/>\nRehabilitative Medizin<br \/>\nManuelle Therapie<br \/>\nOsteopathie<br \/>\nAkupunktur<br \/>\nund<br \/>\nSchmerztherapie<\/p>\n<h2>\n&nbsp;<br \/>\n&nbsp;<br \/>\nUnsere Praxis<br \/>\n<\/h2>\n<p>Herzlich Willkommen, auf der Internetseite der Arztpraxis Martina Igel!<\/p>\n<p>Der Schwerpunkt unserer Praxis liegt in der Behandlung chronischer Schmerzerkrankungen. Vor der Behandlung wird mit jedem Patienten ein individuelles Therapieprogramm besprochen. Dabei hat es sich bew\u00e4hrt, moderne Therapieverfahren mit traditionellen Behandlungsformen zu verbinden. Die Physikalische und Rehabilitative Medizin (Physiotherapie) ist eine klinische Fachrichtung, die prophylaktische, therapeutische, rehabilitative und regulative Aufgaben erf\u00fcllt. Die Physiotherapie nutzt die F\u00e4higkeit des K\u00f6rpers zur Selbstregulation von Funktionen und Leistungen, Anpassung an Umweltanforderungen, Regeneration und Reparation und zur Abwehr von sch\u00e4digenden Einfl\u00fcssen. Der K\u00f6rper wird zur aktiven \u00dcberwindung von St\u00f6rungen, Fehll\u00e4ufen und Krankheitsprozessen veranlasst.<\/p>\n<p>&nbsp;<br \/>\n<strong>Telefonisch erreichen Sie uns:<\/strong><br \/>\nMontag 10:00 &#8211; 13:00<br \/>\nDienstag 15:00 &#8211; 18:00<br \/>\nMittwoch 10:00 &#8211; 13:00<br \/>\nDonnerstag 10:00 &#8211; 12:00<br \/>\n<strong>Am liebsten sind uns Anfragen und Kontakte per e-mail:<strong><br \/>\n<strong>mail@arztpraxisigel.de<\/strong><\/p>\n<p>&nbsp;<br \/>\nUrlaub:<br \/>\nUnsere n\u00e4chsten geplanten Fortbildungs- und Urlaubszeiten:<\/p>\n<p>Donnerstag, den 09.04. und Freitag, den 10.04.26<br \/>\nMontag, den 04.05. bis einschlie\u00dflich Mittwoch, den 06.05.26<br \/>\nMontag, den 29.06. bis einschlie\u00dflich Freitag, den 10.07.26<br \/>\n&nbsp;<br \/>\nTermine bei Mami finden zu diesen Zeiten wie vereinbart statt.<br \/>\n&nbsp;<br \/>\n&nbsp;<br \/>\nLiebe Patienten!<br \/>\nUnsere Situation hat sich wieder etwas ge\u00e4ndert:<br \/>\n&nbsp;<br \/>\nDass Kerstin nicht mehr bei und ist, d\u00fcrfte sich rumgesprochen haben. Wir vermissen sie weiterhin  au\u00dferordentlich. Aber wir stehen im regelm\u00e4\u00dfigen Kontakt, irgendwie geh\u00f6rt sie noch zu uns!<br \/>\n&nbsp;<br \/>\nAnne ist wieder bei uns!!!! Sie hat jetzt hier den Hut auf in der ganzen Organisation und das macht sie hervorragend. Wir freuen uns sehr dar\u00fcber!<br \/>\n&nbsp;<br \/>\nAndrea ist leider ausgeschieden. Sie war zwei Jahre bei uns und hat die Praxis sehr unterst\u00fctzt. Vielen Dank daf\u00fcr und f\u00fcr die Zukunft w\u00fcnschen wir das Beste!<br \/>\n&nbsp;<br \/>\nMami Ohno hat sich sehr gut eingearbeitet, sie wird weiter kleine \u00dcbungsprogramme mit Ihnen trainieren, wird aber auch immer mehr in den Praxisablauf eingebunden.<br \/>\n&nbsp;<\/p>\n<p>So ist der aktuelle Stand. Wir sind nun ein kleines Team, deswegen kann es vorkommen, dass das Anrufen in der Praxis nicht ganz einfach ist, weil wir viel durch die Praxis flitzen m\u00fcssen und die Anmeldung nicht immer besetzt ist. Aber \u00fcber mail sind wir immer gut erreichbar.<\/p>\n<p>&nbsp;<br \/>\n<span style=\"font-size: revert;\">Vielen Dank und beste Gr\u00fc\u00dfe aus der Praxis M.Igel<\/span><\/p>\n<p>&nbsp;<br \/>\nTermine nur nach Vereinbarung. Bitte vereinbaren Sie Termine telefonisch, per Email oder direkt in der Praxis! So k\u00f6nnen wir Wartezeiten kurz halten.<\/p>\n","protected":false},"excerpt":{"rendered":"<p>Fach\u00e4rztin f\u00fcr Physikalische und Rehabilitative Medizin Manuelle Therapie Osteopathie Akupunktur und Schmerztherapie &nbsp; &nbsp; Unsere Praxis Herzlich Willkommen, auf der Internetseite der Arztpraxis Martina Igel! Der Schwerpunkt unserer Praxis liegt in der Behandlung chronischer Schmerzerkrankungen. Vor der Behandlung wird mit jedem Patienten ein individuelles Therapieprogramm besprochen. Dabei hat es sich bew\u00e4hrt, moderne Therapieverfahren mit traditionellen [&hellip;]<\/p>\n","protected":false},"author":1,"featured_media":0,"parent":0,"menu_order":0,"comment_status":"closed","ping_status":"closed","template":"page-templates\/front-page.php","meta":[],"_links":{"self":[{"href":"https:\/\/arztpraxisigel.de\/igel\/wp-json\/wp\/v2\/pages\/26"}],"collection":[{"href":"https:\/\/arztpraxisigel.de\/igel\/wp-json\/wp\/v2\/pages"}],"about":[{"href":"https:\/\/arztpraxisigel.de\/igel\/wp-json\/wp\/v2\/types\/page"}],"author":[{"embeddable":true,"href":"https:\/\/arztpraxisigel.de\/igel\/wp-json\/wp\/v2\/users\/1"}],"replies":[{"embeddable":true,"href":"https:\/\/arztpraxisigel.de\/igel\/wp-json\/wp\/v2\/comments?post=26"}],"version-history":[{"count":272,"href":"https:\/\/arztpraxisigel.de\/igel\/wp-json\/wp\/v2\/pages\/26\/revisions"}],"predecessor-version":[{"id":1037,"href":"https:\/\/arztpraxisigel.de\/igel\/wp-json\/wp\/v2\/pages\/26\/revisions\/1037"}],"wp:attachment":[{"href":"https:\/\/arztpraxisigel.de\/igel\/wp-json\/wp\/v2\/media?parent=26"}],"curies":[{"name":"wp","href":"https:\/\/api.w.org\/{rel}","templated":true}]}}