{"id":271,"date":"2017-03-29T18:01:52","date_gmt":"2017-03-29T16:01:52","guid":{"rendered":"http:\/\/arztpraxisigel.de\/igel\/?page_id=271"},"modified":"2017-03-31T15:21:39","modified_gmt":"2017-03-31T13:21:39","slug":"galileo","status":"publish","type":"page","link":"https:\/\/arztpraxisigel.de\/igel\/therapien\/galileo\/","title":{"rendered":"Galileo"},"content":{"rendered":"<h2>\n&nbsp;<br \/>\n&nbsp;<br \/>\nGalileo &#8211; Training auf dem Galileo bei chronischen R\u00fcckenschmerzen<br \/>\n<\/h2>\n<p>Etwa 80% der Erwachsenen in Deutschland leiden einmalig oder wiederholt unter Schmerzen &#8222;im Kreuz&#8220;. R\u00fcckenschmerzen belegen einen der vorderen Pl\u00e4tze bei den sogenannten Volkskrankheiten. Viele Menschen haben st\u00e4ndig R\u00fcckenschmerzen &#8211; d.h. chronische R\u00fcckenschmerzen. Dabei sind sehr h\u00e4ufig auch Personen im j\u00fcngeren bis mittleren Lebensalter (24 bis 35 Jahre) betroffen.<br \/>\n&nbsp;<br \/>\nR\u00fcckenschmerzen sind nicht nur f\u00fcr den Patienten sondern auch f\u00fcr den behandelnden Arzt ein gro\u00dfes Problem, da die Ursachen f\u00fcr die Schmerzen und somit die Behandlungsm\u00f6glichkeiten sehr vielf\u00e4ltig sind. Seit Januar 2008 bieten wir in unserer Praxis ein zus\u00e4tzliches Trainingsprogramm f\u00fcr Patienten mit chronischen R\u00fcckenschmerzen an.<br \/>\n&nbsp;<br \/>\nHilfe bei R\u00fcckenproblemen<br \/>\n&nbsp;<br \/>\nDer therapeutische Nutzen von Vibrationsplatten ist schon seit vielen Jahren in der Rehabilitation und Prophylaxe bei orthop\u00e4dischen Erkrankungen, nach Verletzungen und im Sportbereich bekannt und sehr gesch\u00e4tzt. Genutzt wird eine schnelle und hochfrequente Bewegung, die die Muskulatur zu reflexartigen Kontraktionen zwingt und physiologische Bewegungsmuster aktiviert.<br \/>\n&nbsp;<br \/>\nNeben vielen bekannten Wirkungen des Vibrationstrainings kommt in meiner Praxis der \u201cGalileo\u201d als ein Baustein im manualmedizinischen Gesamt- konzept zum Einsatz. Durch seine Nutzung sollen die tiefen (autochonen) Muskeln angesprochen werden, die im normalen Training nur sehr schwer oder fast gar nicht erreicht werden. Das ist auch oft der Grund, warum viele Menschen den Schritt vom Haus\u00fcbungsprogramm zur Kr\u00e4ftigungstherapie an Ger\u00e4ten nicht tolerieren oder keinen Fortschritt im Belastungsaufbau feststellen k\u00f6nnen.<br \/>\n&nbsp;<br \/>\nDie tiefen Muskelgruppen haben stabilisierende und koordinative Funktionen. Leiden Sie \u00fcber l\u00e4ngere Zeit unter R\u00fcckenschmerzen, schw\u00e4chen diese Muskeln zwangsl\u00e4ufig ab. Das Auftrainieren dieser Muskeln ist oft schmerzhaft und frustran. Aus diesem Grund haben wir lange Zeit nach einem geeigneten Trainingsger\u00e4t gesucht. Der \u201cGalileo\u201d ersetzt nicht das k\u00f6rperliche Training. Das Ger\u00e4t erg\u00e4nzt lediglich eine L\u00fccke im Muskelaufbau- und Konditionstraining. Dabei werden Sie von unserem Team angeleitet und trainieren spezielle Muskeln.<br \/>\n&nbsp;<br \/>\nJe nach Gesundheitszustand empfehlen wir 1 bis 2 Therapien in der Woche.<br \/>\nEine \u00dcbungseinheit kostet 6,50 Euro.<\/p>\n","protected":false},"excerpt":{"rendered":"<p>&nbsp; &nbsp; Galileo &#8211; Training auf dem Galileo bei chronischen R\u00fcckenschmerzen Etwa 80% der Erwachsenen in Deutschland leiden einmalig oder wiederholt unter Schmerzen &#8222;im Kreuz&#8220;. R\u00fcckenschmerzen belegen einen der vorderen Pl\u00e4tze bei den sogenannten Volkskrankheiten. Viele Menschen haben st\u00e4ndig R\u00fcckenschmerzen &#8211; d.h. chronische R\u00fcckenschmerzen. Dabei sind sehr h\u00e4ufig auch Personen im j\u00fcngeren bis mittleren Lebensalter [&hellip;]<\/p>\n","protected":false},"author":1,"featured_media":0,"parent":20,"menu_order":10,"comment_status":"closed","ping_status":"closed","template":"","meta":[],"_links":{"self":[{"href":"https:\/\/arztpraxisigel.de\/igel\/wp-json\/wp\/v2\/pages\/271"}],"collection":[{"href":"https:\/\/arztpraxisigel.de\/igel\/wp-json\/wp\/v2\/pages"}],"about":[{"href":"https:\/\/arztpraxisigel.de\/igel\/wp-json\/wp\/v2\/types\/page"}],"author":[{"embeddable":true,"href":"https:\/\/arztpraxisigel.de\/igel\/wp-json\/wp\/v2\/users\/1"}],"replies":[{"embeddable":true,"href":"https:\/\/arztpraxisigel.de\/igel\/wp-json\/wp\/v2\/comments?post=271"}],"version-history":[{"count":2,"href":"https:\/\/arztpraxisigel.de\/igel\/wp-json\/wp\/v2\/pages\/271\/revisions"}],"predecessor-version":[{"id":273,"href":"https:\/\/arztpraxisigel.de\/igel\/wp-json\/wp\/v2\/pages\/271\/revisions\/273"}],"up":[{"embeddable":true,"href":"https:\/\/arztpraxisigel.de\/igel\/wp-json\/wp\/v2\/pages\/20"}],"wp:attachment":[{"href":"https:\/\/arztpraxisigel.de\/igel\/wp-json\/wp\/v2\/media?parent=271"}],"curies":[{"name":"wp","href":"https:\/\/api.w.org\/{rel}","templated":true}]}}