{"id":445,"date":"2017-04-04T09:53:10","date_gmt":"2017-04-04T07:53:10","guid":{"rendered":"http:\/\/arztpraxisigel.de\/igel\/?page_id=445"},"modified":"2017-04-07T14:30:54","modified_gmt":"2017-04-07T12:30:54","slug":"impressum","status":"publish","type":"page","link":"https:\/\/arztpraxisigel.de\/igel\/kontakt\/impressum\/","title":{"rendered":"Impressum"},"content":{"rendered":"<h2>\n&nbsp;<br \/>\n&nbsp;<br \/>\nImpressum<br \/>\n<\/h2>\n<p>Hinweis gem\u00e4\u00df Teledienstgesetz (TDG):<br \/>\nMartina Igel, Fach\u00e4rztin f\u00fcr Physikalische und Rehabilitative Medizin, ist nur f\u00fcr den Inhalt dieser<br \/>\nHomepage verantwortlich. F\u00fcr den Inhalt anderer Homepages, zu denen Links bestehen, nicht.<br \/>\n&nbsp;<br \/>\nDie Berufsbezeichnung &#8222;Arzt&#8220; hat Frau Igel in der Bundesrepublik Deutschland erworben.<br \/>\nDie zust\u00e4ndigen Aufsichtsbeh\u00f6rden:<br \/>\n&nbsp;<br \/>\nKassen\u00e4rztliche Vereinigung von Berlin<br \/>\nMasurenallee 6A, D-14057 Berlin<br \/>\n&nbsp;<br \/>\nLandes\u00e4rztekammer Berlin<br \/>\nFriedrichstr. 16, 10969 Berlin<br \/>\n&nbsp;<br \/>\nBerufsrechtliche Regelungen sind auf der Homepage der &#8222;\u00c4rztekammer Berlin&#8220; einzusehen.<\/p>\n","protected":false},"excerpt":{"rendered":"<p>&nbsp; &nbsp; Impressum Hinweis gem\u00e4\u00df Teledienstgesetz (TDG): Martina Igel, Fach\u00e4rztin f\u00fcr Physikalische und Rehabilitative Medizin, ist nur f\u00fcr den Inhalt dieser Homepage verantwortlich. F\u00fcr den Inhalt anderer Homepages, zu denen Links bestehen, nicht. &nbsp; Die Berufsbezeichnung &#8222;Arzt&#8220; hat Frau Igel in der Bundesrepublik Deutschland erworben. Die zust\u00e4ndigen Aufsichtsbeh\u00f6rden: &nbsp; Kassen\u00e4rztliche Vereinigung von Berlin Masurenallee 6A, [&hellip;]<\/p>\n","protected":false},"author":1,"featured_media":0,"parent":24,"menu_order":19,"comment_status":"closed","ping_status":"closed","template":"","meta":[],"_links":{"self":[{"href":"https:\/\/arztpraxisigel.de\/igel\/wp-json\/wp\/v2\/pages\/445"}],"collection":[{"href":"https:\/\/arztpraxisigel.de\/igel\/wp-json\/wp\/v2\/pages"}],"about":[{"href":"https:\/\/arztpraxisigel.de\/igel\/wp-json\/wp\/v2\/types\/page"}],"author":[{"embeddable":true,"href":"https:\/\/arztpraxisigel.de\/igel\/wp-json\/wp\/v2\/users\/1"}],"replies":[{"embeddable":true,"href":"https:\/\/arztpraxisigel.de\/igel\/wp-json\/wp\/v2\/comments?post=445"}],"version-history":[{"count":3,"href":"https:\/\/arztpraxisigel.de\/igel\/wp-json\/wp\/v2\/pages\/445\/revisions"}],"predecessor-version":[{"id":515,"href":"https:\/\/arztpraxisigel.de\/igel\/wp-json\/wp\/v2\/pages\/445\/revisions\/515"}],"up":[{"embeddable":true,"href":"https:\/\/arztpraxisigel.de\/igel\/wp-json\/wp\/v2\/pages\/24"}],"wp:attachment":[{"href":"https:\/\/arztpraxisigel.de\/igel\/wp-json\/wp\/v2\/media?parent=445"}],"curies":[{"name":"wp","href":"https:\/\/api.w.org\/{rel}","templated":true}]}}